3*z + 23*f - 26*f = -51. What is the highest common factor of 560 and z?
5
Let n(y) = -25 - 5 - 22 + 135*y - 142*y. Let p be n(-8). Suppose 135 - 75 = p*r. What is the highest common factor of 75 and r?
15
Let a be (11 + 1/1)*(-6)/(-4). Let p = a - -63. Suppose -3*w = 5*c - p, 5*c = 7*w - 2*w - 175. Calculate the highest common divisor of 32 and w.
32
Let z = -227 - -232. Let k be (z/(-5))/((-5)/245). What is the highest common factor of 7 and k?
7
Let t = -7967 + 16193. What is the highest common divisor of 18 and t?
18
Let k = -1589 + 1914. Calculate the greatest common divisor of 390 and k.
65
Suppose -199*d = -102447 - 141328. What is the greatest common factor of 98 and d?
49
Suppose -6*l + 5*l - m = -324, 0 = 2*m - 4. Suppose 4*a = -2*y + 368, -3*a - 3*y = 40 - l. Calculate the highest common divisor of 72 and a.
18
Let c(q) = -6*q**2 - 176*q + 541. Let w be c(-32). Let f be (-1 - -14)/((-3)/(-87)). What is the highest common divisor of f and w?
29
Let i = 919 - 905. Suppose 3*v + 69 = z - 52, 5*z - 17 = v. Let u be (6*1)/((-12)/v). Calculate the highest common divisor of i and u.
7
Let w = -976 + 1016. Calculate the greatest common divisor of 2620 and w.
20
Let h(l) = 2*l**2 + 909*l - 32 - 882*l - 15. Let k be h(-16). Calculate the greatest common factor of k and 11.
11
Let t = 2859 - 2804. Calculate the highest common divisor of t and 335.
5
Let f = -10 - -13. Suppose 4*q - 3*m + 20 = -8*m, -2*q - 4*m = 4. Let p be (2 - (6 + q))*6/4. Calculate the highest common factor of f and p.
3
Let y be (-6 - 74/(-12)) + (-3 - 299/(-6)). What is the greatest common divisor of 3807 and y?
47
Let n(x) = 21*x**2 + x - 6. Let a be n(-6). Suppose a - 2094 = -10*i. What is the greatest common factor of 15 and i?
15
Let d(p) = 2*p**3 + 34*p**2 + 132*p - 14. Let z be d(-7). Calculate the highest common divisor of 4214 and z.
14
Suppose 2*u = k - 1926, -20*u + 18*u + 1910 = k. What is the greatest common factor of 56 and k?
14
Suppose -136 = x + 3*x. Let m = -33 - x. Let z be (-4)/((-26)/(-14) + m - 3). Calculate the highest common factor of 70 and z.
14
Let i be (14/70)/(151/8305). Suppose 4*l + 7*x - 312 = 3*x, 2*x - 2 = 0. Calculate the highest common divisor of i and l.
11
Let f be -4*(-2 - (-178 - -3)). Let m = f + 792. What is the highest common factor of 150 and m?
50
Let a(n) = 4*n + 44. Suppose -5*z - f - 5 = 0, -4 - 11 = 3*f. Let v be a(z). What is the greatest common divisor of v and 8?
4
Suppose 0 = -3*g - f + 103166, 8*g - 4*g - 137568 = -3*f. Calculate the greatest common divisor of 132 and g.
66
Let g = 6462 + -4983. What is the highest common factor of g and 348?
87
Let i be (3 + -1 + 57)*1. Suppose 188*j - 89586 - 32426 = 0. Calculate the highest common factor of i and j.
59
Suppose -5*c = -177 - 43. Suppose 10*p - 6*p = c. Let a(o) = o**3 + 11*o**2 - 15*o - 14. Let k be a(-12). What is the greatest common divisor of p and k?
11
Suppose 24*p = 25*p + 1. Let c be (10 - 2)*p*-1. Let x be (0 + 104/(-3))*(-24 - -21). Calculate the highest common factor of c and x.
8
Let w(n) = n**3 - 68*n**2 + 104*n - 183. Let g be w(67). Calculate the greatest common divisor of 56 and g.
56
Suppose 3*x - r - 1049 = 1201, -x - 2*r + 736 = 0. What is the greatest common divisor of x and 440?
44
Let t be (((-24)/(-15))/(1/182))/(1339/6695). What is the greatest common divisor of 936 and t?
104
Let v(w) = 5*w**3 - 57*w**2 - 34*w - 4. Let c be v(14). Calculate the greatest common factor of 132 and c.
44
Let z be 1403 + (1 - 12/12*-9). What is the greatest common divisor of z and 126?
9
Let m be (-88 + 1)*((-8)/3 - -2). Let t = 60 - m. Suppose -3*j = 5*o - 452, -t*o - j = -0*j - 181. Calculate the highest common factor of o and 7.
7
Suppose -3*b - 404 = -554. Let i be b/(-375) + 227/15. Calculate the greatest common factor of i and 255.
15
Suppose -4*c - g + 7 = 720, -c = 3*g + 181. Let d = c + 412. What is the greatest common divisor of d and 2?
2
Let h be 121 - (0 + 1 - 8). Let f = -63 + h. Calculate the highest common factor of 39 and f.
13
Let i(p) = 11*p**2 + 6*p + 1. Let v be i(-4). Let t = 464 + -365. Suppose 22*b = 33*b - t. What is the highest common factor of v and b?
9
Suppose 0 = 9*r - 12*r - 12, -4*p = -4*r - 8. Let f(z) = -3*z**3 + 3*z**2 + 3*z + 2. Let c be f(p). What is the highest common factor of 128 and c?
32
Suppose 7972*m - 2160 = 7932*m. What is the highest common divisor of m and 6669?
27
Suppose 0 = 13*x - 3093 - 1730. Suppose 0 = 359*u - x*u + 2700. What is the greatest common divisor of 180 and u?
45
Let w be ((-4635)/600)/((-2)/8) - 8/(-80). What is the highest common divisor of w and 4?
1
Suppose 210*d - 101*d - 155232 = -143*d. What is the greatest common divisor of 7 and d?
7
Let a = -7 - -18. Let n = 255 + -154. Let k = -90 + n. What is the greatest common divisor of a and k?
11
Suppose 5*w = w + 32. Suppose -t = -3*s + 2*s + w, -4*t = 2*s - 4. Let i = -378 + 393. What is the greatest common factor of s and i?
3
Let p(s) = 18*s**3 + 132*s**2 + 22*s - 9. Let x be p(-7). Calculate the greatest common divisor of 19257 and x.
131
Let w = -217 + 209. Let f be -3 - ((-24)/w - (60 + 2)). Calculate the highest common factor of f and 40.
8
Let s = 913 - 517. Suppose -2*l + a = -78, 7*l - 38*a + 35*a = 270. What is the greatest common factor of l and s?
36
Suppose -5*k + 251 = 2*n, 3*n + 59 = k - n. Suppose 40*m = k*m - 418. What is the greatest common factor of m and 19?
19
Suppose -43*q + 859 + 44 = 0. What is the greatest common factor of 658 and q?
7
Let x be 2/(28/(-35))*12/(-10). Suppose -5*s + 12 = -s, 2*b - x*s = 611. Calculate the greatest common divisor of b and 30.
10
Suppose -5*v + 2*r + 27 = 0, -3*v + 3*r - 3 + 12 = 0. Let o = -76 + 189. Suppose -708 = -v*i - o. What is the greatest common divisor of i and 34?
17
Let y(i) = -24*i**2 + 443*i - 1. Let o be y(11). Calculate the greatest common divisor of 24 and o.
24
Let d = -2438 - -2526. Let r be (-6)/(-4)*(-440)/(-30). Calculate the highest common factor of r and d.
22
Let d be (11/3)/((-203)/(-3654)). What is the highest common divisor of 32 and d?
2
Let w(q) = -q**2 - 95*q + 5700. Let f be w(-134). What is the highest common factor of 3002 and f?
158
Suppose 4*b - 2*q - 2794 = 1308, -1021 = -b + 5*q. What is the greatest common divisor of 594 and b?
54
Let r(p) = 2*p**3 + 15*p**2 - 45*p + 42. Let m be r(8). Calculate the highest common factor of 42 and m.
14
Let s = 123 - 33. Suppose -101*j - 84 + 492 + 602 = 0. What is the greatest common divisor of j and s?
10
Let s(y) = -4*y**2 - 4*y - 19 + 49 - 9 - 2*y**2 - 16 + 2*y**3. Let r be s(4). What is the highest common factor of r and 483?
21
Let i = -27404 - -30784. What is the greatest common factor of i and 50?
10
Suppose 3*c - 8*c - 156 = -2*j, -j + 4*c + 78 = 0. Suppose 73*g = 60*g + 156. Calculate the highest common factor of g and j.
6
Let y = 177 - 115. Let x(u) = -u**2 + 99*u - 2214. Let n be x(34). Let a be (-4 - (n - 3)) + 5 + y. What is the highest common divisor of 30 and a?
10
Let z be (-344)/(-2) - 20/15*3. Let q = z - -118. Calculate the highest common factor of q and 26.
26
Suppose l = 5*s + 4*s + 3493, 4*l + 4*s - 14012 = 0. Calculate the highest common divisor of l and 1442.
206
Let o = -306 + 361. Calculate the highest common factor of 253 and o.
11
Suppose -2*w = -3 - 9. Let d be ((-20)/w)/((-4)/18). Suppose -66*z + 76*z = 1650. What is the highest common divisor of d and z?
15
Suppose -3*l = 3*a - 6, -4*l = -0 + 4. Suppose -a*i - 5 = 2*i. Let s be 10 - (-2 - i)*(-24)/8. What is the greatest common factor of 14 and s?
7
Let w = 25 + -12. Suppose 8*m - 107 = w. Let y be 2 + 56 + 6 + -4. Calculate the greatest common divisor of y and m.
15
Let p(d) = -d**3 + 9*d**2 - 23*d + 14. Let v be p(6). Let k(c) = -c**3 - 14*c**2 + 32*c + 22. Let q be k(v). What is the greatest common divisor of q and 99?
11
Suppose -3*x = 4*f - 6*x - 229, 0 = -2*f - 3*x + 101. Let m be 3*f/(-2 + 7). Calculate the highest common divisor of 209 and m.
11
Let u(i) = i - 1628 - 2*i**3 + 3*i**3 - i**2 + 1642. Let g be u(0). Calculate the highest common factor of 6 and g.
2
Let o = -353 + 598. Let s = o + -29. Calculate the greatest common factor of 8 and s.
8
Let g be -1 + 6 + -2 + 5. Suppose g*u - 157 = 2307. Let m(c) = 5*c - 12. Let s be m